 74
51
Evaluate (-15 - -161 - (-90 - -119)) + -46.
71
Calculate -199 - -130 - -84 - (30 - -1).
-16
What is (0 + 63 - (-6 - -7)) + 3961 + -3966?
57
What is -39 - (61 - 110) - (-2 - 54)?
66
What is the value of 46 + (47 - 115) + -12?
-34
What is -16 - (33 + -3 - 59) - 11?
2
Calculate -1 + 0 - (40 - (5 + -15 + 43)).
-8
What is the value of 14567 + -14440 - (-1 + -6)?
134
Calculate 13 - 1 - (44 - (-118 + 160)).
10
What is -7 - -78 - (0 + 58 - 25)?
38
Evaluate (100 - 5) + (40 + -10 - (25 - 10)).
110
What is the value of -221 - -252 - (36 - 1)?
-4
Evaluate -35 + 22 + 18 + -34 - (-7 - -2).
-24
Calculate 8 + (-53 - -11) + 16.
-18
Calculate (-4 - -8) + -10 - (-10 + (9 - 2)) - 12.
-15
Evaluate -83 + (56 - -28) + 4.
5
What is (-11 - (-16 + 84)) + 8 + -33 + 12?
-92
Calculate -19 + (-11 + 18 - 0) + 8 + -28.
-32
Evaluate 2 + (-38 - (-20 + 4)) + 46.
26
Evaluate -904 + 892 - (1 + (3 - -2)) - -13.
-5
What is the value of -17 - (6 - 17) - -3 - (146 + -85)?
-64
8 - -3 - -1 - (32 + -17 - 11 - 8)
16
What is -2 + (15 - (4 + -2)) + (-45 - -20)?
-14
Calculate (-26 - -7 - (44 + -39)) + 90.
66
Evaluate (1 + 21 - (-370 - -377)) + -3 + 16.
28
Calculate 1637 - 1652 - (-6 - 2).
-7
What is 126 - (38 + 50 - (10 + 33))?
81
Calculate -166 + 62 + 60 + 92.
48
Evaluate -60 - (-6 + 8 + (8 - (13 - 24) - 13)).
-68
What is the value of 3 + (8 - -10) + -39 + -1?
-19
What is -16 - (4 - (18 + (-46 - -19) - -15))?
-14
8 + -2 + 69 + (-165 - -142)
52
Calculate (159 - 167 - (-2 + 2 - 11)) + -7 + 0.
-4
-1 + -10 + (-5 - -53 - -2)
39
What is 74 - (76 + (-12 - 26))?
36
What is (1 - (2 - 33) - 3) + (383 - 368)?
44
-131 + 110 + -34 - (19 - -2)
-76
What is the value of 303 + -311 - (4 - (2 - (-3 - 3)))?
-4
What is the value of -29 - ((142 - 173) + -4 + -2)?
8
Evaluate (-175 - -185) + (-7 - -2 - (-11 + 0 + 0)).
16
Evaluate -239 - (-210 + 105) - -271.
137
What is 80 - 96 - -24 - (-34 - -5)?
37
Evaluate -12 - (41 + -24 + -35) - 22.
-16
What is the value of (-17 + 26 - 28) + 15?
-4
(-25 - 2) + -1 - (369 - 356)
-41
(-129 - -155) + 32 + -115
-57
-78 + -48 + 106 + 20 + 2
2
What is the value of (-26 - -50) + (-21 - -8 - 84)?
-73
Evaluate (1 - (18 + -17)) + 19 + -20.
-1
What is the value of -69 + 7 - ((5 - (3 - -4)) + 0 - 2)?
-58
What is the value of -1 - 3 - ((-117 - -164) + -63)?
12
-2 - 30 - (199 + 137 + -244)
-124
What is the value of (1 - -23) + -805 + 640 + 3 + 8 + -5?
-135
What is the value of (32 - 20) + 293 + -341?
-36
What is 2 + -69 + 3 + 4001 + -3967?
-30
What is 17 - (-39 - (20 - (14 + 20)))?
42
21 + (13 - 1 - (537 + -519) - (-16 + 0))
31
What is -71 + -106 + 86 + 44?
-47
What is -85 - (21 - 28) - (-38 - 6)?
-34
(-81 - (132 - 207)) + (32 - 3) + (0 - 0)
23
Calculate -76 - ((16 - 19) + 28 + -22).
-79
(-52 - -26) + 18 - -7
-1
What is the value of -21 + (-26 + 38 - 11) + (0 - -4)?
-16
(66 - ((7 + (-6 - 3) - 3) + 4)) + 1
68
Evaluate (-34 - (-21 + 2) - 4) + -22.
-41
Calculate -139 + -6 + 2 + 250 + -214.
-107
What is 5 + (29 - 17 - (6 - 51 - -17))?
45
What is -14 + (6 - -13) - (21 - 20)?
4
What is -6428 - -6521 - (-3 - -51)?
45
Evaluate (31 - 6) + -15 - (88 - 117).
39
Calculate 3 - (-2 + 0) - (-10 - (2 - 104 - -14)).
-73
34 + 9 + -41 + -95
-93
-5 + 9 + 60 - -31
95
What is 12 + (-69 - (1 - (10 + -12 + -5 - 3)))?
-68
Calculate -4 + -2 + (-9 + -77 - -155).
63
Evaluate 6 + 12 + (-21 + (22 - 12) - -13).
20
What is the value of 51 - (-1 - (48 + -90))?
10
Calculate 75 + 37 + (57 - 245).
-76
1243 + -1164 + (3 - (2 - -3)) + 12
89
Calculate -74 - (-46 + 4 - -3).
-35
What is (-2946 - -2939) + (-1 + 44 - -2)?
38
-9 + 1 - -1 - ((-67 - -59) + -17 + -37)
55
Evaluate -7 + 45 + (-7 - 2) + 14.
43
-22 + -1 + 2 - (-5528 + 5527)
-20
What is -12 - (-31 + (-32 - (-64 - -33)))?
20
Evaluate (26 - -1) + -274 + 266 - 53.
-34
(-13 - 19) + 2 + (0 - (-8 - (-9 - 0)))
-31
Calculate -28 + 105 + -11 + (13 - 4).
75
What is (-21 - (-8 + -1 + -14)) + 80?
82
20 + (-17 + -3 - (13 + -127 - 3))
117
What is the value of 74 - -3 - ((4 - (14 - 9)) + -16 + 13)?
81
52 + (-24 - (-37 - -34)) - 1
30
What is the value of -48 + 0 - (-3770 - -3708) - (-2 - (-1 + -41))?
-26
What is 22 - ((-14 - (30 - 25)) + -20)?
61
Calculate (-26 + 10 + (10 - -5) - 4) + 17.
12
-21 - ((-17 + -18 + 39 - -110) + -11)
-124
Calculate 55 + -46 + (15 - 0) + -77 + 93.
40
Evaluate -10 + -7 + (-9 - 4 - -103) + 0 + -8.
65
What is (68 - (10 - 4) - (-13 + -7)) + (-7 - -1)?
76
Calculate (12 + -10 - 9) + -1 + -76 - (14 - 9).
-89
What is the value of (2 - 10 - (1 + -61)) + 53 + -37?
68
What is the value of 16 - (-2 - 1 - (118 + -146)) - 17?
-26
Calculate -41 + 7 + 8 + 28.
2
What is 0 - -52 - (-3765 - -3766)?
51
What is -58 - (4 + (-13 + 28 - (-15 + 29)))?
-63
12 + (-3 - 3) - (27 + (-74 - -67))
-14
What is 15 + -80 + 163 - 68?
30
What is ((15 - -19) + 23 - 26) + -79?
-48
Evaluate -16 + (7 - (4 + 7)) - (-7 + 12).
-25
Calculate -23 - (25 - (-16 + 73)).
9
(-9 - 23) + -1 - ((1 - -6) + 7 + -1)
-46
Evaluate 18 - (-1002 + 993 - (3 + (-54 - 3))).
-27
What is the value of (-10 - -17 - (1 + 0 - 0)) + -407 + 416?
15
-125 + 73 + -10 - 81
-143
-47 - (-15 - (6 + -7 - -3))
-30
Calculate 15 + -10 - (10 + -10).
5
What is the value of 14 + 4 + (120 - 175)?
-37
Evaluate (3 + (-4 - (12 + -7)) - 24) + -14.
-44
Calculate -17 + 28 + (14 - 31) - (5 - 0) - -13.
2
What is the value of -54 + 15 + 77 + 61?
99
What is 9 + (-113 - (-57 - 32))?
-15
62 + -232 - -67 - (-1 + 2 + -15)
-89
Calculate (-37 - (16 + -34 + -15)) + (12 - 1).
7
Evaluate 28 + 56 + -106 + 77.
55
What is 31 - 55 - (-14 - (-8 + 4))?
-14
Calculate 448 + -457 + -2 + 3 + -37.
-45
What is 57 + -6 + (5 + 3 - -12) + -14?
57
What is the value of 29 - (-32 - -59) - (-12 - (0 - -1))?
15
5 + 6 + (-4 - -9) + (123 - 117)
22
Calculate (195 + -179 - (-2 + (6 - -2))) + -12.
-2
What is 13 + (-16 - 56) + (-16 - -12) + (-1 - -7)?
-57
What is the value of 1 + (-33 - -25) + 42 + -62?
-27
-15 + (27 - -89) + -86
15
Evaluate (-327 - -328) + ((0 - (3 - -1)) + -1 - 3).
-7
What is the value of 52 + -43 - -14 - -17?
40
What is (-15 + -2 - -4) + -9?
-22
-843 + 833 - (52 + 0)
-62
What is the value of 13 + -51 + (-9 + 25 + -12 - (-2 + 1))?
-33
(-5 - (-2 + 6 - 77)) + -502 + 523
89
What is 26 + (7 - -20 - 31) + -37 - (6 - 1)?
-20
Evaluate (7 - (3 + -121)) + 0 - 7 - (47 + -36).
107
What is (9 + 19 - -60) + -48 + 24?
64
Evaluate -35 - 2 - (-1252 - -1224).
-9
What is 21 + (-15 - (45 + -13)) - (-1 - -4)?
-29
What is 4 - (16 - 5) - (-91 + 89)?
-5
Evaluate -5 - (1 - 0) - -6 - 3 - 2 - -56.
51
What is (4 - -5) + 3 + -50 + -34 + 29?
-43
Calculate (106 - 31) + (11 - (-6 - -4)) + (16 - 0).
104
What is the value of -9 + (-4 - (0 + 9 + -11 + 1 - 52))?
40
What is 0 + 1 + (2 + -89 + 64 - (38 - -5))?
-65
What is 0 - (-6 + 47 + -27)?
-14
(-6 - -3) + 102 + -225 + (34 - 23)
-115
Evaluate 2 + -6 + (-2 - -5 - -41 - 12 - -10).
38
What is 0 + -6 + -14 + 10 - (27 - 30) - -87?
80
Calculate (13 - 2) + 2 + -3 - (-108 - (-198 - -41)).
-39
Calculate -7 + 31 + (23 + 9 - 14) + -186.
-144
Calculate -4 + -1 + 11 + -52 + 1 + 3.
-42
Calculate 31 - (-59 - -20) - (-7 + (-8 - -3) + 2).
80
Evaluate 5383 + -5110 - (1 + 153).
119
What is the value of (2 - -2 - -56) + 1 + -3187 + 3168?
42
What is the value of -27 - (43 + 2) - (-19 - 0)?
-53
6 - ((-15 - (-33 + -4)) + -2 - -27)
-41
What is 22 - (34 - (-50 + 30))?
-32
Calculate 4967 + -4930 + (-4 + -2 + 0 - -2).
33
Calculate 3 + -10 + -4 + 7 - 1 - (-433 - -384).
44
What is (3 - (-2 + -2 - -56 - (-1 - 0))) + 9?
-41
Evaluate -82 - (57 + 6 + -115).
-30
What is the value of -67 + 0 + (5 - 30 - -32) + (0 - 5)?
-65
Calculate 65 + (70 - 117) + -11.
7
What is the value of (-2 - (0 + 5)) + (-87 - -77)?
-17
What is the value of (21 - 91 - -103) + -64?
-31
What is 8 + -7 + (58 - 19) + 4?
44
What is the value of -28 + -27 + 49 + -8?
-14
-14 + -10 + 49 + -19 + 39
45
What is the value of (255 - 42) + -235 + (1 + 0 + 3 - -1)?
-17
Calculate 45 + -1 + (-3292 - -3277).
29
What is 4 + 9 + -3 - (-13 + (47 - -21))?
-45
-10 + -2 + -3 + 3 - (21 + (13 - 26))
-20
Evaluate -41 - (59 - 94 - 48).
42
What is (-9 + (3 - (-10 + 3)) - 8) + 1?
-6
What is -109 - (-4 + -29 + (13 - (-2 - -3)))?
-88
Calculate (16 - -1) + -154 + 146.
9
What is (10 - 12) + -74 - (-1 - (32 - 15 - 28))?
-86
What is -50 - (-105 - (-65 + 58))?
48
Evaluate (218 - 106) + -161 - -31.
-18
What is (85 + (1 - 2) - (-1623 + 1614)) + 